, what is 3024012 - 12?
3024000
In base 4, what is -213301 + 10?
-213231
In base 13, what is 15b5 + 42c?
1a14
In base 11, what is 1809 - a2?
1717
In base 3, what is 12121100210 - 2?
12121100201
In base 2, what is 100 + 10000100111010101?
10000100111011001
In base 10, what is -3 - -183150?
183147
In base 7, what is 2 + -11555?
-11553
In base 4, what is 3230231 - -1022?
3231313
In base 5, what is -10022 - 121123?
-131200
In base 3, what is -2122011 - 101?
-2122112
In base 4, what is -30030113 - 20?
-30030133
In base 11, what is 2986 + 5?
2990
In base 10, what is -27507 + 2?
-27505
In base 5, what is 1214433222 + 4?
1214433231
In base 8, what is 4 - 36502?
-36476
In base 6, what is 5132 - -10?
5142
In base 4, what is 3030221 - 303?
3023312
In base 12, what is -127365 - 1?
-127366
In base 16, what is 1269fd + -5?
1269f8
In base 2, what is -1100000011010 - 1011011?
-1100001110101
In base 2, what is 1 + -100010111000100001?
-100010111000100000
In base 12, what is -82 + 308?
246
In base 3, what is 201222 - -10001020?
10210012
In base 11, what is 2 - -1943?
1945
In base 2, what is -11110110000011 - 1000?
-11110110001011
In base 16, what is -152a + 5?
-1525
In base 8, what is 246201 - 5?
246174
In base 11, what is 2a + 22965?
22994
In base 4, what is 1 - -1322001?
1322002
In base 10, what is -16214 - -69?
-16145
In base 11, what is -401 + -3?
-404
In base 9, what is 241 + 547?
788
In base 14, what is 3 - 155bc?
-155b9
In base 7, what is 525223 + 5?
525231
In base 11, what is 2 - -a?
11
In base 2, what is -11101110001101 + 1?
-11101110001100
In base 15, what is -455 - -20?
-435
In base 10, what is 54096 + -35?
54061
In base 8, what is -60 - 2701?
-2761
In base 4, what is 332 + -120200?
-113202
In base 12, what is -30 + -85?
-b5
In base 14, what is -15 + 22a90?
22a79
In base 3, what is -21120110 - 12?
-21120122
In base 16, what is -2a - 2cf5?
-2d1f
In base 6, what is 24 + 1252023?
1252051
In base 12, what is 266376 - 4?
266372
In base 6, what is -4 + -24040532?
-24040540
In base 15, what is 98 - -33c8?
3471
In base 10, what is -1150 - 138?
-1288
In base 4, what is -122 - -33103313?
33103131
In base 9, what is -170 + -416?
-586
In base 16, what is 139b + 1?
139c
In base 2, what is -111101001010100100 - -100?
-111101001010100000
In base 8, what is -1160 - -33?
-1125
In base 4, what is -1311301123 - 0?
-1311301123
In base 9, what is 3372 + -3?
3368
In base 15, what is 18a + 165d?
17e8
In base 2, what is 1010110101 + 1101010011?
11000001000
In base 12, what is 4 - -9ba11?
9ba15
In base 10, what is 37720 + 2?
37722
In base 13, what is 4511 + -3?
450b
In base 11, what is 271 + 20?
291
In base 2, what is -11 + -1110111100110001?
-1110111100110100
In base 9, what is -5 - -331523?
331517
In base 15, what is -d0 + -78c1?
-79a1
In base 13, what is c8ac6 - -1?
c8ac7
In base 7, what is 3511 - -122?
3633
In base 5, what is -4014 + -1411?
-10430
In base 10, what is 4798 + -54?
4744
In base 11, what is -176 - -248?
82
In base 12, what is 2 + -886b?
-8869
In base 15, what is 22c94 + -a?
22c89
In base 10, what is -15 - 26990?
-27005
In base 10, what is 6 - 24623?
-24617
In base 5, what is 4 + -22112004?
-22112000
In base 15, what is 5 - -8e9e2?
8e9e7
In base 3, what is -11222112 - -221?
-11221121
In base 7, what is 342 + -344?
-2
In base 15, what is -12 - a7a9?
-a7bb
In base 13, what is -16 + -14c4b?
-14c64
In base 6, what is -2 - -20321?
20315
In base 12, what is -17863 - -4?
-1785b
In base 12, what is -232 - 449?
-67b
In base 16, what is -a2 + -52c9?
-536b
In base 15, what is 60d89 - 4?
60d85
In base 2, what is -10 - 1100100100011111?
-1100100100100001
In base 8, what is 415314 + 2?
415316
In base 2, what is -1 + -10001011101100?
-10001011101101
In base 9, what is 14 + -18378?
-18364
In base 3, what is 1 - 1000002020202?
-1000002020201
In base 4, what is -21000232 - -3?
-21000223
In base 15, what is -3a + 942?
907
In base 9, what is -8 + 43635?
43626
In base 8, what is 41130210 - 1?
41130207
In base 6, what is 5 - -252121?
252130
In base 16, what is c - -378?
384
In base 6, what is -50 + 5530?
5440
In base 11, what is 25 - 4625?
-4600
In base 3, what is 12101 - -12110000?
12122101
In base 6, what is 314 + 2354?
3112
In base 15, what is -16 + 4476?
4460
In base 14, what is 46 - b43?
-adb
In base 15, what is -1095 + -5?
-109a
In base 5, what is 30432 + -2444?
22433
In base 11, what is -2722a + 7?
-27223
In base 14, what is -89 - 27?
-b2
In base 12, what is 12491 + a?
1249b
In base 16, what is 1e5 + -52e?
-349
In base 6, what is -4 + 42050?
42042
In base 3, what is -11 + -112021011210?
-112021011221
In base 7, what is 143 + 313?
456
In base 8, what is 4 + 33106?
33112
In base 6, what is -5 + -51350?
-51355
In base 11, what is 4136 + 24?
415a
In base 15, what is 1d7 + -45?
192
In base 14, what is -4 + -156248?
-15624c
In base 12, what is -17b + -a12?
-b91
In base 13, what is -517 + -17?
-531
In base 16, what is -2 + 111fd?
111fb
In base 4, what is -2233 - 3133?
-12032
In base 16, what is 17b - 185?
-a
In base 14, what is -a501 + 5?
-a4da
In base 6, what is 2451535 + 3?
2451542
In base 15, what is -1 - 11171?
-11172
In base 5, what is -11 - 20434403?
-20434414
In base 9, what is -3283 - -165?
-3117
In base 8, what is -125144 + 0?
-125144
In base 7, what is -4 - -2234?
2230
In base 4, what is -11033 + 2213?
-2220
In base 12, what is -1800 - -10?
-17b0
In base 16, what is 2f + -6a?
-3b
In base 2, what is 10111110110 + 10011001?
11010001111
In base 4, what is 103 + -321310?
-321201
In base 16, what is -257c - 4?
-2580
In base 3, what is -20011 - -20010?
-1
In base 12, what is 3111 - 4a?
3083
In base 12, what is 95 - -94?
169
In base 16, what is -5bb + 61?
-55a
In base 5, what is -310212201 + -2?
-310212203
In base 7, what is 1 - 146534?
-146533
In base 13, what is 8 - -676?
681
In base 11, what is 2469 + -442?
2027
In base 14, what is -83 + 271?
1cc
In base 11, what is -10224 + 0?
-10224
In base 2, what is -10011010001111100 + -11?
-10011010001111111
In base 10, what is 15 + 8674?
8689
In base 5, what is -32 + 423043?
423011
In base 2, what is -10001001 - 110011?
-10111100
In base 15, what is -2 - 4d216?
-4d218
In base 8, what is 33315 + -2?
33313
In base 6, what is 1 - -120031?
120032
In base 13, what is -3 - -27c3?
27c0
In base 4, what is 22232220023 - -10?
22232220033
In base 13, what is -1 + 1b72?
1b71
In base 2, what is 1000000 - 10100011?
-1100011
In base 16, what is -17d2e - -5?
-17d29
In base 10, what is 5 + -4767?
-4762
In base 6, what is -2023 - -444?
-1135
In base 15, what is -35 - -20b?
1c6
In base 2, what is 100101011011111 + -11110?
100101011000001
In base 11, what is -1559 - -322?
-1237
In base 13, what is -14a3c4 + 3?
-14a3c1
In base 8, what is -13435 - 5?
-13442
In base 15, what is -4c906a - -5?
-4c9065
In base 3, what is 1200220122 + 10?
1200220202
In base 8, what is -2216545 + 4?
-2216541
In base 2, what is 1111001011 + 1001111?
10000011010
In base 13, what is 190 + -112?
7b
In base 11, what is 4 - -6344?
6348
In base 15, what is -44 - 176?
-1ba
In base 9, what is -4010 + -18?
-4028
In base 12, what is 10726 + 10?
10736
In base 6, what is 112152 - -24?
112220
In base 10, what is -1914 + -235?
-2149
In base 5, what is -1043 + 10000?
3402
In base 11, what is 3 - -45a28?
45a30
In base 3, what is -1020 - -221021222?
221020202
In base 14, what is 3b + -bc?
-81
In base 15, what is -46468 - 3?
-4646b
In base 3, what is 2222020112 + -1?
2222020111
In base 15, what is -5 + -1d91e?
-1d924
In base 11, what is 165 - a86?
-921
In base 6, what is 421 + -154353?
-153532
In base 16, what is -134 - 441?
-575
In base 14, what is 7 + -16a5?
-169c
In base 2, what is 111001 - -101101010?
110100011
In base 5, what is -3223 - -1112?
-2111
In base 13, what is 6 + -8235?
-822c
In base 10, what is 354 + 114?
468
In base 3, what is 1100 + -22212220?
-22211120
In base 5, what is 10101324 + -4?
10101320
In base 3, what is -10012022 + 12012?
-10000010
In base 16, what is -1 + -6a48b?
-6a48c
In base 16, what is -432 + -12?
-444
In base 15, what is -2 + -95a44?
-95a46
In base 11, what is -7971 + 5?
-7967
In base 15, what is 43 - -e5?
138
In base 10, what is -2352 - -26?
-2326
In base 9, what is 4 - -121688?
121703
In base 6, what is -3 - -1005545?
1005542
In base 6, what is -11455 + 24